9157 is divided by 545?
212
Calculate the remainder when 442714 is divided by 731.
459
Calculate the remainder when 128120 is divided by 18204.
692
What is the remainder when 4518406 is divided by 645486?
4
Calculate the remainder when 2704882 is divided by 13066.
220
Calculate the remainder when 45088827 is divided by 926.
35
What is the remainder when 4895513 is divided by 127?
44
Calculate the remainder when 77014598 is divided by 1900.
1898
What is the remainder when 750790 is divided by 2511?
1
What is the remainder when 9735637 is divided by 15577?
12
Calculate the remainder when 35640 is divided by 938.
934
What is the remainder when 157999 is divided by 1284?
67
Calculate the remainder when 464489 is divided by 4423.
74
What is the remainder when 11350 is divided by 3244?
1618
Calculate the remainder when 1293211 is divided by 258607.
176
Calculate the remainder when 1093016 is divided by 596.
548
What is the remainder when 11933458 is divided by 82?
80
What is the remainder when 7203 is divided by 748?
471
What is the remainder when 38954 is divided by 9410?
1314
What is the remainder when 920948 is divided by 2701?
2608
Calculate the remainder when 139814776 is divided by 487.
485
Calculate the remainder when 99038 is divided by 49505.
28
What is the remainder when 81139530 is divided by 6005?
5975
What is the remainder when 170141 is divided by 28184?
1037
Calculate the remainder when 459802 is divided by 4220.
4042
What is the remainder when 657721 is divided by 263?
221
Calculate the remainder when 3887 is divided by 3752.
135
What is the remainder when 5482853 is divided by 448?
229
What is the remainder when 293482 is divided by 146558?
366
What is the remainder when 161263 is divided by 8487?
10
Calculate the remainder when 841709 is divided by 813.
254
Calculate the remainder when 42644035 is divided by 852880.
35
Calculate the remainder when 63393774 is divided by 72450.
24
Calculate the remainder when 1224694 is divided by 59.
31
Calculate the remainder when 1955623 is divided by 325932.
31
What is the remainder when 946507 is divided by 316?
87
Calculate the remainder when 13993787 is divided by 2798750.
37
What is the remainder when 13941132 is divided by 94?
86
Calculate the remainder when 284844 is divided by 543.
312
What is the remainder when 12924558 is divided by 158?
0
Calculate the remainder when 9358446 is divided by 3119469.
39
Calculate the remainder when 6412185 is divided by 1817.
1809
Calculate the remainder when 330432 is divided by 109926.
654
What is the remainder when 4622992 is divided by 539?
528
Calculate the remainder when 522792320 is divided by 1593.
1580
Calculate the remainder when 55911 is divided by 199.
191
Calculate the remainder when 162454 is divided by 22676.
3722
What is the remainder when 2427729 is divided by 22?
7
Calculate the remainder when 1134969 is divided by 2345.
2334
Calculate the remainder when 504828 is divided by 17.
13
What is the remainder when 832281 is divided by 260?
21
What is the remainder when 42044094 is divided by 135190?
4
Calculate the remainder when 47005 is divided by 1746.
1609
Calculate the remainder when 4137058 is divided by 37.
14
What is the remainder when 6482 is divided by 3727?
2755
What is the remainder when 179859 is divided by 44954?
43
What is the remainder when 17676751 is divided by 5892250?
1
What is the remainder when 11942678 is divided by 326?
320
Calculate the remainder when 376333 is divided by 188148.
37
What is the remainder when 6726778 is divided by 21?
16
What is the remainder when 25308 is divided by 804?
384
What is the remainder when 1957083 is divided by 652355?
18
Calculate the remainder when 1862253 is divided by 439.
15
What is the remainder when 1384466 is divided by 68?
54
What is the remainder when 3185425 is divided by 138492?
109
Calculate the remainder when 172829 is divided by 697.
670
What is the remainder when 50683782 is divided by 25341888?
6
What is the remainder when 23890 is divided by 23870?
20
Calculate the remainder when 2841179 is divided by 406.
397
What is the remainder when 148161 is divided by 792?
57
What is the remainder when 18534573 is divided by 80?
13
Calculate the remainder when 11683562 is divided by 18.
14
Calculate the remainder when 19190557 is divided by 277.
274
Calculate the remainder when 8726990 is divided by 1246707.
41
What is the remainder when 214405 is divided by 213818?
587
Calculate the remainder when 649020 is divided by 2246.
2172
Calculate the remainder when 104545 is divided by 1142.
623
What is the remainder when 13686763 is divided by 693?
13
Calculate the remainder when 25592302 is divided by 89.
85
What is the remainder when 300949 is divided by 471?
451
What is the remainder when 9246156 is divided by 1672?
1668
Calculate the remainder when 5464139 is divided by 111513.
2
What is the remainder when 93631 is divided by 348?
19
Calculate the remainder when 510617148 is divided by 187.
184
What is the remainder when 76202404 is divided by 38101182?
40
What is the remainder when 21980 is divided by 90?
20
Calculate the remainder when 3692552 is divided by 101.
93
What is the remainder when 12287003 is divided by 1755280?
43
What is the remainder when 1260396 is divided by 456?
12
What is the remainder when 204590675 is divided by 219?
218
Calculate the remainder when 523690 is divided by 439.
402
What is the remainder when 317665 is divided by 7180?
1745
Calculate the remainder when 5047147 is divided by 3424.
171
What is the remainder when 19244520 is divided by 190?
180
What is the remainder when 322735 is divided by 1672?
39
Calculate the remainder when 1616198 is divided by 1110.
38
Calculate the remainder when 365843 is divided by 26102.
415
Calculate the remainder when 462350 is divided by 776.
630
Calculate the remainder when 11460191 is divided by 17.
15
What is the remainder when 12480878 is divided by 1463?
25
Calculate the remainder when 5622238 is divided by 121.
94
Calculate the remainder when 98994039 is divided by 3587.
13
Calculate the remainder when 112893 is divided by 1751.
829
What is the remainder when 1560679 is divided by 40?
39
What is the remainder when 3874222 is divided by 1844?
1822
Calculate the remainder when 3796847 is divided by 1312.
1231
What is the remainder when 206933 is divided by 53?
21
Calculate the remainder when 48556 is divided by 2684.
244
Calculate the remainder when 960005 is divided by 239985.
65
Calculate the remainder when 220694 is divided by 300.
194
What is the remainder when 449931 is divided by 3146?
53
What is the remainder when 424919175 is divided by 7349?
7344
What is the remainder when 1631333 is divided by 1758?
1667
What is the remainder when 41408 is divided by 418?
26
What is the remainder when 385937997 is divided by 2800?
2797
What is the remainder when 3809177 is divided by 4?
1
What is the remainder when 98274805 is divided by 1251?
1249
What is the remainder when 1940819 is divided by 3429?
5
What is the remainder when 1793829 is divided by 755?
704
Calculate the remainder when 9956181 is divided by 37.
36
What is the remainder when 466514 is divided by 233245?
24
Calculate the remainder when 52848 is divided by 2125.
1848
What is the remainder when 492429 is divided by 82044?
165
Calculate the remainder when 9468 is divided by 6781.
2687
Calculate the remainder when 16468647 is divided by 238.
237
Calculate the remainder when 9868439 is divided by 11051.
10947
What is the remainder when 1344637 is divided by 430?
27
Calculate the remainder when 275495 is divided by 27548.
15
What is the remainder when 6377269 is divided by 1619?
28
Calculate the remainder when 54742719 is divided by 1088.
1087
Calculate the remainder when 1200007175 is divided by 24.
23
What is the remainder when 354051 is divided by 404?
147
Calculate the remainder when 697375 is divided by 18.
1
What is the remainder when 89154 is divided by 44551?
52
Calculate the remainder when 496327 is divided by 910.
377
What is the remainder when 341313 is divided by 5504?
65
What is the remainder when 248985204 is divided by 98608?
4
What is the remainder when 28979 is divided by 1600?
179
Calculate the remainder when 1088350 is divided by 22211.
11